 5867
What are the prime factors of 109390?
2, 5, 10939
List the prime factors of 3719750.
2, 5, 14879
List the prime factors of 1099665.
3, 5, 7, 3491
What are the prime factors of 7945464?
2, 3, 97, 3413
What are the prime factors of 15283085?
5, 17, 179801
List the prime factors of 1299267.
3, 48121
What are the prime factors of 60607?
60607
What are the prime factors of 16086?
2, 3, 7, 383
List the prime factors of 28973.
7, 4139
What are the prime factors of 1902596?
2, 475649
List the prime factors of 401525.
5, 16061
List the prime factors of 178903.
178903
What are the prime factors of 743912?
2, 13, 23, 311
List the prime factors of 6568574.
2, 163, 20149
What are the prime factors of 3243779?
7, 11, 103, 409
List the prime factors of 3836.
2, 7, 137
What are the prime factors of 4824082?
2, 2412041
What are the prime factors of 769823?
19, 31, 1307
What are the prime factors of 321431?
11, 29221
What are the prime factors of 4465849?
17, 262697
List the prime factors of 200652.
2, 3, 23, 727
What are the prime factors of 7355648?
2, 59, 487
What are the prime factors of 78323?
7, 67, 167
List the prime factors of 786824.
2, 59, 1667
List the prime factors of 4280828.
2, 1070207
What are the prime factors of 26420079?
3, 7, 1258099
What are the prime factors of 298433?
19, 113, 139
List the prime factors of 99924.
2, 3, 11, 757
What are the prime factors of 27994351?
7, 11, 363563
What are the prime factors of 90902?
2, 7, 43, 151
What are the prime factors of 294732?
2, 3, 2729
What are the prime factors of 4444634?
2, 2222317
List the prime factors of 203749.
7, 13, 2239
What are the prime factors of 250134?
2, 3, 47, 887
What are the prime factors of 222474?
2, 3, 7, 5297
What are the prime factors of 7845776?
2, 29, 37, 457
List the prime factors of 29059034.
2, 59, 89, 2767
List the prime factors of 6383414.
2, 3191707
What are the prime factors of 93092?
2, 17, 37
What are the prime factors of 2368147?
101, 23447
List the prime factors of 73722.
2, 3, 11, 1117
List the prime factors of 11183270.
2, 5, 7, 29, 787
List the prime factors of 903928.
2, 103, 1097
List the prime factors of 4973276.
2, 7, 11, 67, 241
List the prime factors of 637531.
637531
List the prime factors of 70028.
2, 7, 41, 61
What are the prime factors of 3471893?
17, 131, 1559
List the prime factors of 1978323.
3, 107, 6163
What are the prime factors of 976488?
2, 3, 23, 29, 61
List the prime factors of 130873.
130873
What are the prime factors of 281329?
29, 89, 109
What are the prime factors of 108292?
2, 27073
What are the prime factors of 1049307?
3, 7, 29, 1723
What are the prime factors of 1232653?
17, 31, 2339
List the prime factors of 1084208.
2, 67763
List the prime factors of 100102.
2, 50051
What are the prime factors of 61842?
2, 3, 11, 937
What are the prime factors of 552772?
2, 11, 17, 739
List the prime factors of 788859.
3, 9739
What are the prime factors of 320290?
2, 5, 32029
What are the prime factors of 7489469?
13, 17, 33889
List the prime factors of 6426405.
3, 5, 181, 263
List the prime factors of 294185.
5, 17, 3461
List the prime factors of 18214278.
2, 3, 3035713
List the prime factors of 187857.
3, 20873
List the prime factors of 41730.
2, 3, 5, 13, 107
What are the prime factors of 117671?
117671
List the prime factors of 229017.
3, 97, 787
List the prime factors of 676592.
2, 7, 863
What are the prime factors of 185726?
2, 92863
What are the prime factors of 316771?
7, 13, 59
List the prime factors of 4503520.
2, 5, 7, 4021
List the prime factors of 586483.
17, 34499
List the prime factors of 1870760.
2, 5, 46769
List the prime factors of 575137.
575137
List the prime factors of 10909880.
2, 5, 311, 877
List the prime factors of 9810471.
3, 11, 271, 1097
List the prime factors of 834275.
5, 13, 17, 151
What are the prime factors of 1527643?
13, 117511
What are the prime factors of 107953?
41, 2633
What are the prime factors of 406445?
5, 13, 37
List the prime factors of 5021348.
2, 1255337
List the prime factors of 626178.
2, 3, 7, 17, 877
List the prime factors of 9092976.
2, 3, 189437
What are the prime factors of 2707327?
7, 37, 10453
What are the prime factors of 4315240?
2, 5, 107881
List the prime factors of 45586.
2, 23, 991
List the prime factors of 819681.
3, 199, 1373
List the prime factors of 9796412.
2, 227, 10789
List the prime factors of 313369.
7, 89, 503
What are the prime factors of 299243?
7, 31, 197
List the prime factors of 473857.
473857
List the prime factors of 1565277.
3, 7, 19, 3923
What are the prime factors of 187402?
2, 93701
What are the prime factors of 211839?
3, 241, 293
List the prime factors of 1175399.
29, 40531
What are the prime factors of 7523852?
2, 7, 23, 1669
List the prime factors of 771305.
5, 19, 23, 353
What are the prime factors of 19958996?
2, 2161, 2309
What are the prime factors of 23508504?
2, 3, 79, 4133
What are the prime factors of 322763?
7, 941
List the prime factors of 3816670.
2, 5, 11, 13, 17, 157
List the prime factors of 732839.
59, 12421
List the prime factors of 5659899.
3, 7, 269519
What are the prime factors of 385913?
11, 35083
List the prime factors of 702805.
5, 367, 383
List the prime factors of 7847938.
2, 7, 73, 1097
What are the prime factors of 1405522?
2, 83, 8467
What are the prime factors of 4352536?
2, 193, 2819
What are the prime factors of 725064?
2, 3, 30211
List the prime factors of 460757.
11, 41887
List the prime factors of 31941727.
3617, 8831
List the prime factors of 6286064.
2, 392879
What are the prime factors of 538313?
37, 14549
What are the prime factors of 6985849?
13, 537373
What are the prime factors of 17182777?
47, 365591
List the prime factors of 18091051.
11, 1644641
What are the prime factors of 16845160?
2, 5, 353, 1193
What are the prime factors of 15408922?
2, 31, 157, 1583
What are the prime factors of 164379?
3, 157, 349
List the prime factors of 86890.
2, 5, 8689
What are the prime factors of 1427359?
1427359
List the prime factors of 29361095.
5, 2027, 2897
List the prime factors of 32830445.
5, 6566089
What are the prime factors of 30784?
2, 13, 37
List the prime factors of 2552.
2, 11, 29
List the prime factors of 12804283.
29, 441527
What are the prime factors of 4376027?
37, 101, 1171
List the prime factors of 966299.
23, 42013
List the prime factors of 6309580.
2, 5, 389, 811
List the prime factors of 647171.
7, 59, 1567
What are the prime factors of 9122397?
3, 751, 4049
What are the prime factors of 644854?
2, 7, 46061
List the prime factors of 1712917.
1712917
What are the prime factors of 1380932?
2, 7, 149, 331
What are the prime factors of 3662772?
2, 3, 305231
What are the prime factors of 3476268?
2, 3, 61, 1583
List the prime factors of 611352.
2, 3, 7, 1213
What are the prime factors of 1133143?
11, 31, 3323
What are the prime factors of 43458?
2, 3, 7243
What are the prime factors of 3065331?
3, 1021777
What are the prime factors of 103304?
2, 37, 349
What are the prime factors of 88428?
2, 3, 7369
What are the prime factors of 12915199?
11, 53, 22153
List the prime factors of 676749.
3, 225583
List the prime factors of 193315.
5, 23, 41
List the prime factors of 503683.
59, 8537
List the prime factors of 25332823.
25332823
What are the prime factors of 3088770?
2, 3, 5, 149, 691
What are the prime factors of 229558?
2, 7, 19, 863
What are the prime factors of 10338425?
5, 413537
List the prime factors of 2448413.
11, 103, 2161
List the prime factors of 1981947.
3, 11, 19, 29, 109
List the prime factors of 114425.
5, 23, 199
What are the prime factors of 2805707?
43, 71, 919
What are the prime factors of 15819355?
5, 29, 79, 1381
What are the prime factors of 807016?
2, 7, 14411
What are the prime factors of 14801074?
2, 31, 238727
What are the prime factors of 2222751?
3, 197, 3761
List the prime factors of 3403630.
2, 5, 37, 9199
List the prime factors of 283630.
2, 5, 113, 251
What are the prime factors of 261251?
261251
What are the prime factors of 1251567?
3, 59, 2357
What are the prime factors of 28375872?
2, 3, 7, 43, 491
List the prime factors of 71272.
2, 59, 151
What are the prime factors of 1608386?
2, 13, 61861
List the prime factors of 154507.
367, 421
What are the prime factors of 757260?
2